841?
54
Calculate the remainder when 5638874 is divided by 2819287.
300
What is the remainder when 19793772 is divided by 286?
284
What is the remainder when 3786366 is divided by 1134?
1074
What is the remainder when 27427113 is divided by 2339?
2338
Calculate the remainder when 210708 is divided by 893.
853
What is the remainder when 698000 is divided by 109?
73
What is the remainder when 343540 is divided by 728?
652
What is the remainder when 26261419 is divided by 6977?
6968
Calculate the remainder when 14010157 is divided by 19.
13
What is the remainder when 5731484 is divided by 14222?
18
What is the remainder when 7164253 is divided by 88?
85
Calculate the remainder when 41056 is divided by 1463.
92
What is the remainder when 16099503 is divided by 29113?
14
Calculate the remainder when 135003 is divided by 132397.
2606
What is the remainder when 37401829 is divided by 760?
709
Calculate the remainder when 4160416 is divided by 790.
276
What is the remainder when 11421405 is divided by 11421332?
73
What is the remainder when 20058827 is divided by 10502?
7
Calculate the remainder when 258811 is divided by 15154.
1193
Calculate the remainder when 2162710 is divided by 198.
154
What is the remainder when 5756674 is divided by 251?
240
What is the remainder when 55604 is divided by 55538?
66
What is the remainder when 17208190 is divided by 9502?
68
Calculate the remainder when 162728 is divided by 6258.
20
What is the remainder when 98389624 is divided by 1307?
1278
Calculate the remainder when 324010 is divided by 161997.
16
Calculate the remainder when 66342704 is divided by 1733.
1731
Calculate the remainder when 117484 is divided by 5951.
4415
Calculate the remainder when 28778848 is divided by 14389420.
8
What is the remainder when 1441772 is divided by 4536?
3860
Calculate the remainder when 9720359 is divided by 130.
129
What is the remainder when 299784 is divided by 2221?
2170
Calculate the remainder when 7222439 is divided by 1444479.
44
Calculate the remainder when 42063306 is divided by 887.
879
Calculate the remainder when 24768 is divided by 8049.
621
Calculate the remainder when 47695 is divided by 5140.
1435
Calculate the remainder when 437904 is divided by 5761.
68
Calculate the remainder when 348596 is divided by 619.
99
What is the remainder when 63889075 is divided by 15136?
19
What is the remainder when 566771 is divided by 1629?
1508
What is the remainder when 8398868 is divided by 218?
200
What is the remainder when 20353276 is divided by 4?
0
What is the remainder when 461806 is divided by 92338?
116
Calculate the remainder when 24253 is divided by 1032.
517
What is the remainder when 98634 is divided by 13820?
1894
Calculate the remainder when 294211 is divided by 159.
61
What is the remainder when 107621113 is divided by 9105?
13
What is the remainder when 4414237 is divided by 24254?
9
What is the remainder when 457624908 is divided by 76270818?
0
What is the remainder when 785007 is divided by 103?
44
Calculate the remainder when 1607421 is divided by 66975.
21
What is the remainder when 138234491 is divided by 41?
39
Calculate the remainder when 56406359 is divided by 715.
9
Calculate the remainder when 21419 is divided by 535.
19
What is the remainder when 123846 is divided by 61569?
708
Calculate the remainder when 51393675 is divided by 22.
3
What is the remainder when 343794 is divided by 68716?
214
What is the remainder when 8373886 is divided by 285?
16
Calculate the remainder when 2345134 is divided by 195427.
10
What is the remainder when 9788836 is divided by 2447205?
16
Calculate the remainder when 1260914 is divided by 1549.
28
What is the remainder when 118665298 is divided by 390?
388
Calculate the remainder when 319310 is divided by 310751.
8559
What is the remainder when 1093650621 is divided by 606?
603
Calculate the remainder when 6563598 is divided by 6563489.
109
Calculate the remainder when 21430 is divided by 421.
380
What is the remainder when 134190856 is divided by 74?
70
Calculate the remainder when 5211914 is divided by 2605942.
30
What is the remainder when 109199 is divided by 106?
19
Calculate the remainder when 50242912 is divided by 407.
390
Calculate the remainder when 2841255 is divided by 15113.
11
Calculate the remainder when 20081906 is divided by 100.
6
What is the remainder when 458227481 is divided by 152742493?
2
Calculate the remainder when 73083645 is divided by 203.
194
What is the remainder when 93750938 is divided by 27977?
11
What is the remainder when 7224452 is divided by 180611?
12
Calculate the remainder when 193976018 is divided by 2461.
2459
What is the remainder when 14926966 is divided by 18?
16
Calculate the remainder when 443359 is divided by 147632.
463
Calculate the remainder when 15371049 is divided by 68.
57
What is the remainder when 669516 is divided by 83687?
20
Calculate the remainder when 13696667 is divided by 1674.
1673
Calculate the remainder when 3955812 is divided by 2506.
1344
What is the remainder when 3823415 is divided by 1274240?
695
Calculate the remainder when 6086112 is divided by 49.
18
Calculate the remainder when 6546411 is divided by 3899.
3889
What is the remainder when 396639 is divided by 36056?
23
What is the remainder when 76079 is divided by 25254?
317
What is the remainder when 58056 is divided by 117?
24
Calculate the remainder when 147134 is divided by 8406.
4232
What is the remainder when 5464380 is divided by 54?
12
Calculate the remainder when 575055 is divided by 143754.
39
What is the remainder when 23347313 is divided by 7917?
80
What is the remainder when 1453983 is divided by 1453930?
53
Calculate the remainder when 65935853 is divided by 71.
70
Calculate the remainder when 218401 is divided by 1951.
1840
What is the remainder when 12288 is divided by 104?
16
Calculate the remainder when 683166 is divided by 227711.
33
What is the remainder when 11899513 is divided by 933?
31
Calculate the remainder when 40681143 is divided by 5158.
5155
What is the remainder when 4060982 is divided by 21716?
90
Calculate the remainder when 1494503 is divided by 926.
865
What is the remainder when 228190 is divided by 1425?
190
What is the remainder when 136929791 is divided by 1536?
1535
What is the remainder when 47706 is divided by 23661?
384
Calculate the remainder when 2211559 is divided by 438.
97
Calculate the remainder when 2056336 is divided by 342721.
10
What is the remainder when 3041051 is divided by 121641?
26
Calculate the remainder when 197026 is divided by 2695.
291
What is the remainder when 189897 is divided by 94874?
149
What is the remainder when 7017975 is divided by 1754493?
3
Calculate the remainder when 1828552 is divided by 2758.
2756
Calculate the remainder when 24134856 is divided by 15.
6
What is the remainder when 10314140 is divided by 1214?
1210
What is the remainder when 251804 is divided by 27966?
110
What is the remainder when 312318 is divided by 60?
18
What is the remainder when 245097 is divided by 1063?
607
What is the remainder when 8529 is divided by 274?
35
Calculate the remainder when 2197904 is divided by 731378.
3770
What is the remainder when 105594 is divided by 20550?
2844
What is the remainder when 216532 is divided by 9836?
140
What is the remainder when 1292789 is divided by 24392?
13
What is the remainder when 1255710 is divided by 1923?
1914
Calculate the remainder when 138600 is divided by 1817.
508
What is the remainder when 1632633 is divided by 408157?
5
Calculate the remainder when 115552 is divided by 143.
8
What is the remainder when 8372072 is divided by 873?
2
Calculate the remainder when 2283481 is divided by 14.
11
What is the remainder when 596231 is divided by 2981?
31
What is the remainder when 332027 is divided by 2966?
2801
Calculate the remainder when 687016946 is divided by 596.
594
Calculate the remainder when 252322068 is divided by 49.
47
Calculate the remainder when 5467760 is divided by 40.
0
What is the remainder when 548959 is divided by 18?
13
Calculate the remainder when 3269 is divided by 823.
800
What is the remainder when 464350 is divided by 1792?
222
What is the remainder when 158217521 is divided by 478?
477
What is the remainder when 60206